{"id":68,"date":"2024-08-11T19:29:50","date_gmt":"2024-08-11T16:29:50","guid":{"rendered":"https:\/\/asianajotoimistojuka.fi\/?page_id=68"},"modified":"2024-08-14T21:49:32","modified_gmt":"2024-08-14T18:49:32","slug":"hinnat","status":"publish","type":"page","link":"https:\/\/asianajotoimistojuka.fi\/index.php\/hinnat\/","title":{"rendered":"Hinnat"},"content":{"rendered":"\t\t<div data-elementor-type=\"wp-page\" data-elementor-id=\"68\" class=\"elementor elementor-68\">\n\t\t\t\t<div class=\"elementor-element elementor-element-a9c76d2 e-flex e-con-boxed e-con e-parent\" data-id=\"a9c76d2\" data-element_type=\"container\" data-e-type=\"container\">\n\t\t\t\t\t<div class=\"e-con-inner\">\n\t\t\t\t<div class=\"elementor-element elementor-element-9854689 elementor-widget elementor-widget-text-editor\" data-id=\"9854689\" data-element_type=\"widget\" data-e-type=\"widget\" data-widget_type=\"text-editor.default\">\n\t\t\t\t<div class=\"elementor-widget-container\">\n\t\t\t\t\t\t\t\t\t<p><strong>Hinnat<\/strong><\/p><ul><li>Palvelun tuntihinta on 251 euroa\/tunti (sis. alv 25,5 %). Tuntihinta ilman arvonlis\u00e4veroa on 200 euroa\/tunti.<\/li><li>Alkuneuvottelu on aina maksuton.<\/li><li>Selvit\u00e4n mahdollisuutesi asianajokulujen kattamiseen oikeusturvavakuutuksesta tai mahdollisuutesi saada oikeusapua valtion varoista joko osittain tai kokonaan ilmaiseksi.<\/li><li>Laskutus on p\u00e4\u00e4asiassa aikaperusteista. Laskutettavaa ty\u00f6aikaa ovat mm. puhelinneuvottelut, neuvottelut, s\u00e4hk\u00f6posti- ja muu kirjeenvaihto, aineistoon ja kirjeenvaihtoon perehtyminen, asiakirjojen laadinta, neuvotteluihin tai istuntoihin valmistautuminen, avustaminen ja asianajo neuvotteluissa ja oikeudenk\u00e4ynneiss\u00e4, matka-aika neuvotteluihin ja oikeudenk\u00e4ynteihin ja takaisin<\/li><li>Toimeksiantoon sis\u00e4ltyvist\u00e4 puhelinneuvotteluista ja s\u00e4hk\u00f6postivaihdoista minimiveloitus on 15 minuuttia.<\/li><li>Jos\u00a0ty\u00f6m\u00e4\u00e4r\u00e4 on etuk\u00e4teen arvioitavissa riitt\u00e4v\u00e4ll\u00e4 tarkkuudella, toimeksiannolle voidaan sopia kiinte\u00e4 hinta.\u00a0<\/li><li>Asiaperusteista laskutusta k\u00e4yt\u00e4n tiettyjen asiakirjojen laadinnassa, alla esimerkkej\u00e4:<ul><li>testamentti alk. 251 \u20ac<\/li><li>avioehtosopimus alk. 251 \u20ac<\/li><li>edunvalvontavaltakirja alk. 251 \u20ac<\/li><li>lahjakirja alk. 251 \u20ac<\/li><li>perukirja alk. 753 \u20ac<\/li><li>ositus- ja\/tai perinn\u00f6njakosopimus alk. 753 \u20ac<\/li><\/ul><\/li><li>Mahdollisista matkoista veloitan kilometrikorvaukset ja p\u00e4iv\u00e4rahat Verohallinnon kulloisenkin voimassa olevan matkakustannusten korvauksia koskevan p\u00e4\u00e4t\u00f6ksen mukaisesti lis\u00e4ttyn\u00e4 voimassa olevalla arvonlis\u00e4verolla. Lis\u00e4ksi veloitan toimeksiannon hoitamisesta aiheutuvat kulut toteutuneiden kustannusten mukaisesti.<\/li><li>Laskun maksuaika on 14 p\u00e4iv\u00e4\u00e4 laskun p\u00e4iv\u00e4yksest\u00e4. Osamaksusta ja maksuajasta on mahdollista sopia erikseen. Laskutus tapahtuu p\u00e4\u00e4s\u00e4\u00e4nt\u00f6isesti toimeksiannon p\u00e4\u00e4ttyess\u00e4. Mahdollisesta ennakkolaskutuksesta sovitaan erikseen.<\/li><\/ul>\t\t\t\t\t\t\t\t<\/div>\n\t\t\t\t<\/div>\n\t\t\t\t\t<\/div>\n\t\t\t\t<\/div>\n\t\t<div class=\"elementor-element elementor-element-caceffb e-flex e-con-boxed e-con e-parent\" data-id=\"caceffb\" data-element_type=\"container\" data-e-type=\"container\">\n\t\t\t\t\t<div class=\"e-con-inner\">\n\t\t\t\t\t<\/div>\n\t\t\t\t<\/div>\n\t\t\t\t<\/div>\n\t\t","protected":false},"excerpt":{"rendered":"<p>Hinnat Palvelun tuntihinta on 251 euroa\/tunti (sis. alv 25,5 %). Tuntihinta ilman arvonlis\u00e4veroa on 200 euroa\/tunti. Alkuneuvottelu on aina maksuton. Selvit\u00e4n mahdollisuutesi asianajokulujen kattamiseen oikeusturvavakuutuksesta tai mahdollisuutesi saada oikeusapua valtion varoista joko osittain tai kokonaan ilmaiseksi. Laskutus on p\u00e4\u00e4asiassa aikaperusteista. Laskutettavaa ty\u00f6aikaa ovat mm. puhelinneuvottelut, neuvottelut, s\u00e4hk\u00f6posti- ja muu kirjeenvaihto, aineistoon ja kirjeenvaihtoon perehtyminen, asiakirjojen [&hellip;]<\/p>\n","protected":false},"author":2,"featured_media":0,"parent":0,"menu_order":0,"comment_status":"closed","ping_status":"closed","template":"","meta":{"footnotes":""},"class_list":["post-68","page","type-page","status-publish"],"_links":{"self":[{"href":"https:\/\/asianajotoimistojuka.fi\/index.php\/wp-json\/wp\/v2\/pages\/68","targetHints":{"allow":["GET"]}}],"collection":[{"href":"https:\/\/asianajotoimistojuka.fi\/index.php\/wp-json\/wp\/v2\/pages"}],"about":[{"href":"https:\/\/asianajotoimistojuka.fi\/index.php\/wp-json\/wp\/v2\/types\/page"}],"author":[{"embeddable":true,"href":"https:\/\/asianajotoimistojuka.fi\/index.php\/wp-json\/wp\/v2\/users\/2"}],"replies":[{"embeddable":true,"href":"https:\/\/asianajotoimistojuka.fi\/index.php\/wp-json\/wp\/v2\/comments?post=68"}],"version-history":[{"count":13,"href":"https:\/\/asianajotoimistojuka.fi\/index.php\/wp-json\/wp\/v2\/pages\/68\/revisions"}],"predecessor-version":[{"id":235,"href":"https:\/\/asianajotoimistojuka.fi\/index.php\/wp-json\/wp\/v2\/pages\/68\/revisions\/235"}],"wp:attachment":[{"href":"https:\/\/asianajotoimistojuka.fi\/index.php\/wp-json\/wp\/v2\/media?parent=68"}],"curies":[{"name":"wp","href":"https:\/\/api.w.org\/{rel}","templated":true}]}}